{"id":818,"date":"2013-04-12T11:07:21","date_gmt":"2013-04-12T10:07:21","guid":{"rendered":"http:\/\/www.lacotedaime.com\/Syndicat-Initiative\/?page_id=818"},"modified":"2019-11-07T16:21:26","modified_gmt":"2019-11-07T15:21:26","slug":"ski-de-randonnee","status":"publish","type":"page","link":"https:\/\/www.lacotedaime.com\/Syndicat-Initiative\/loisirs-et-nature\/ski-de-randonnee\/","title":{"rendered":"Ski de randonn\u00e9e"},"content":{"rendered":"<p><a href=\"https:\/\/www.lacotedaime.com\/Syndicat-Initiative\/wp-content\/uploads\/2018\/12\/aventure-hivernale-conceptuelle_40816-578.jpg\"><img decoding=\"async\" class=\"aligncenter wp-image-3475\" src=\"https:\/\/www.lacotedaime.com\/Syndicat-Initiative\/wp-content\/uploads\/2018\/12\/aventure-hivernale-conceptuelle_40816-578-300x300.jpg\" alt=\"\" width=\"206\" height=\"206\" srcset=\"https:\/\/www.lacotedaime.com\/Syndicat-Initiative\/wp-content\/uploads\/2018\/12\/aventure-hivernale-conceptuelle_40816-578-300x300.jpg 300w, https:\/\/www.lacotedaime.com\/Syndicat-Initiative\/wp-content\/uploads\/2018\/12\/aventure-hivernale-conceptuelle_40816-578-150x150.jpg 150w, https:\/\/www.lacotedaime.com\/Syndicat-Initiative\/wp-content\/uploads\/2018\/12\/aventure-hivernale-conceptuelle_40816-578.jpg 626w\" sizes=\"(max-width: 206px) 100vw, 206px\" \/><\/a>Le parking des Pars au terminus de la route de la Montagne depuis les Bergeries est le point de d\u00e9part d\u2019un domaine unique de ski de randonn\u00e9e dont la r\u00e9putation s\u2019\u00e9toffe chaque ann\u00e9e aupr\u00e8s de skieurs avides de grands espaces.<\/p>\n<p>Pour ne citer que les courses les plus connues\u00a0:<\/p>\n<p>&#8211;\u00a0\u00a0\u00a0\u00a0\u00a0\u00a0 <strong>le Mont Rosset<\/strong> (1100m de d\u00e9nivel\u00e9e)<\/p>\n<p>&#8211;\u00a0\u00a0\u00a0\u00a0\u00a0\u00a0 <strong>la pointe de Cerdosse<\/strong> (1200m de d\u00e9nivel\u00e9e)<\/p>\n<p>&#8211;\u00a0\u00a0\u00a0\u00a0\u00a0\u00a0 <strong>le Col de Charbonni\u00e8re<\/strong> et descente par la face Nord (1200m de d\u00e9nivel\u00e9e)<\/p>\n<p>&#8211;\u00a0\u00a0\u00a0\u00a0\u00a0\u00a0 <strong>le Col de la Nova<\/strong> (1400m de D\u00e9nivel\u00e9e)<\/p>\n<p>&#8211;\u00a0\u00a0\u00a0\u00a0\u00a0<strong>\u00a0 le D\u00f4me de Vaugel<\/strong> et le<strong>\u00a0Petit Chatelet<\/strong> (850 et 1100 m de d\u00e9nivel\u00e9)<\/p>\n<p><strong>Topos\u00a0:<\/strong><\/p>\n<p>-les plus belles courses du Beaufortain, par Christophe Hagenmuller, collection Naturalpes.<\/p>\n<p>Attention, renseignez vous bien sur les conditions nivo-m\u00e9t\u00e9o avant de partir, partez \u00e9quip\u00e9s de DVA, pelles et sondes, choisissez des courses conformes \u00e0 votre niveau et \u00e0 celui de votre groupe.<\/p>\n<table style=\"border-collapse: collapse; width: 100%; height: 498px;\">\n<tbody>\n<tr style=\"height: 206px;\">\n<td style=\"width: 20.2725%; height: 498px;\"><a href=\"https:\/\/www.lacotedaime.com\/Syndicat-Initiative\/wp-content\/uploads\/2013\/04\/Ski-rando1.jpg\"><img decoding=\"async\" class=\"alignleft size-medium wp-image-885\" src=\"https:\/\/www.lacotedaime.com\/Syndicat-Initiative\/wp-content\/uploads\/2013\/04\/Ski-rando1-199x300.jpg\" alt=\"Ski-rando1\" width=\"199\" height=\"300\" srcset=\"https:\/\/www.lacotedaime.com\/Syndicat-Initiative\/wp-content\/uploads\/2013\/04\/Ski-rando1-199x300.jpg 199w, https:\/\/www.lacotedaime.com\/Syndicat-Initiative\/wp-content\/uploads\/2013\/04\/Ski-rando1.jpg 399w\" sizes=\"(max-width: 199px) 100vw, 199px\" \/><\/a><\/td>\n<td style=\"width: 39.8138%; height: 498px;\"><a href=\"https:\/\/www.lacotedaime.com\/Syndicat-Initiative\/wp-content\/uploads\/2019\/11\/Valezan-ski-rando.jpg\"><img decoding=\"async\" class=\"alignright  wp-image-4283\" src=\"https:\/\/www.lacotedaime.com\/Syndicat-Initiative\/wp-content\/uploads\/2019\/11\/Valezan-ski-rando-300x199.jpg\" alt=\"\" width=\"393\" height=\"261\" srcset=\"https:\/\/www.lacotedaime.com\/Syndicat-Initiative\/wp-content\/uploads\/2019\/11\/Valezan-ski-rando-300x199.jpg 300w, https:\/\/www.lacotedaime.com\/Syndicat-Initiative\/wp-content\/uploads\/2019\/11\/Valezan-ski-rando-768x511.jpg 768w, https:\/\/www.lacotedaime.com\/Syndicat-Initiative\/wp-content\/uploads\/2019\/11\/Valezan-ski-rando-1024x681.jpg 1024w, https:\/\/www.lacotedaime.com\/Syndicat-Initiative\/wp-content\/uploads\/2019\/11\/Valezan-ski-rando-1200x798.jpg 1200w, https:\/\/www.lacotedaime.com\/Syndicat-Initiative\/wp-content\/uploads\/2019\/11\/Valezan-ski-rando.jpg 1223w\" sizes=\"(max-width: 393px) 100vw, 393px\" \/><\/a><\/td>\n<td style=\"width: 39.9136%; height: 498px;\"><a href=\"https:\/\/www.lacotedaime.com\/Syndicat-Initiative\/wp-content\/uploads\/2013\/04\/ski-rando3.jpg\"><img decoding=\"async\" class=\"aligncenter  wp-image-886\" src=\"https:\/\/www.lacotedaime.com\/Syndicat-Initiative\/wp-content\/uploads\/2013\/04\/ski-rando3-300x199.jpg\" alt=\"ski-rando3\" width=\"371\" height=\"246\" srcset=\"https:\/\/www.lacotedaime.com\/Syndicat-Initiative\/wp-content\/uploads\/2013\/04\/ski-rando3-300x199.jpg 300w, https:\/\/www.lacotedaime.com\/Syndicat-Initiative\/wp-content\/uploads\/2013\/04\/ski-rando3.jpg 800w\" sizes=\"(max-width: 371px) 100vw, 371px\" \/><\/a><img decoding=\"async\" class=\" wp-image-887 aligncenter\" src=\"https:\/\/www.lacotedaime.com\/Syndicat-Initiative\/wp-content\/uploads\/2013\/04\/ski-rando2-300x199.jpg\" alt=\"ski-rando2\" width=\"372\" height=\"247\" srcset=\"https:\/\/www.lacotedaime.com\/Syndicat-Initiative\/wp-content\/uploads\/2013\/04\/ski-rando2-300x199.jpg 300w, https:\/\/www.lacotedaime.com\/Syndicat-Initiative\/wp-content\/uploads\/2013\/04\/ski-rando2.jpg 800w\" sizes=\"(max-width: 372px) 100vw, 372px\" \/><\/td>\n<\/tr>\n<\/tbody>\n<\/table>\n<p>&nbsp;<\/p>\n<p>&nbsp;<\/p>\n<p>&nbsp;<\/p>\n<p style=\"text-align: center;\">\u00a0<\/p>\n<p>&nbsp;<\/p>\n","protected":false},"excerpt":{"rendered":"<p>Le parking des Pars au terminus de la route de la Montagne depuis les Bergeries est le point de d\u00e9part d\u2019un domaine unique de ski de randonn\u00e9e dont la r\u00e9putation&hellip; <\/p>\n","protected":false},"author":1,"featured_media":0,"parent":804,"menu_order":0,"comment_status":"closed","ping_status":"closed","template":"","meta":{"footnotes":"","_links_to":"","_links_to_target":""},"class_list":["post-818","page","type-page","status-publish","hentry"],"_links":{"self":[{"href":"https:\/\/www.lacotedaime.com\/Syndicat-Initiative\/wp-json\/wp\/v2\/pages\/818","targetHints":{"allow":["GET"]}}],"collection":[{"href":"https:\/\/www.lacotedaime.com\/Syndicat-Initiative\/wp-json\/wp\/v2\/pages"}],"about":[{"href":"https:\/\/www.lacotedaime.com\/Syndicat-Initiative\/wp-json\/wp\/v2\/types\/page"}],"author":[{"embeddable":true,"href":"https:\/\/www.lacotedaime.com\/Syndicat-Initiative\/wp-json\/wp\/v2\/users\/1"}],"replies":[{"embeddable":true,"href":"https:\/\/www.lacotedaime.com\/Syndicat-Initiative\/wp-json\/wp\/v2\/comments?post=818"}],"version-history":[{"count":10,"href":"https:\/\/www.lacotedaime.com\/Syndicat-Initiative\/wp-json\/wp\/v2\/pages\/818\/revisions"}],"predecessor-version":[{"id":4297,"href":"https:\/\/www.lacotedaime.com\/Syndicat-Initiative\/wp-json\/wp\/v2\/pages\/818\/revisions\/4297"}],"up":[{"embeddable":true,"href":"https:\/\/www.lacotedaime.com\/Syndicat-Initiative\/wp-json\/wp\/v2\/pages\/804"}],"wp:attachment":[{"href":"https:\/\/www.lacotedaime.com\/Syndicat-Initiative\/wp-json\/wp\/v2\/media?parent=818"}],"curies":[{"name":"wp","href":"https:\/\/api.w.org\/{rel}","templated":true}]}}

Ski de randonnée

<p><a href="https://www.lacotedaime.com/Syndicat-Initiative/wp-content/uploads/2018/12/aventure-hivernale-conceptuelle_40816-578.jpg"><img decoding="async" class="aligncenter wp-image-3475" src="https://www.lacotedaime.com/Syndicat-Initiative/wp-content/uploads/2018/12/aventure-hivernale-conceptuelle_40816-578-300x300.jpg" alt="" width="206" height="206" srcset="https://www.lacotedaime.com/Syndicat-Initiative/wp-content/uploads/2018/12/aventure-hivernale-conceptuelle_40816-578-300x300.jpg 300w, https://www.lacotedaime.com/Syndicat-Initiative/wp-content/uploads/2018/12/aventure-hivernale-conceptuelle_40816-578-150x150.jpg 150w, https://www.lacotedaime.com/Syndicat-Initiative/wp-content/uploads/2018/12/aventure-hivernale-conceptuelle_40816-578.jpg 626w" sizes="(max-width: 206px) 100vw, 206px" /></a>Le parking des Pars au terminus de la route de la Montagne depuis les Bergeries est le point de départ d’un domaine unique de ski de randonnée dont la réputation s’étoffe chaque année auprès de skieurs avides de grands espaces.</p>
<p>Pour ne citer que les courses les plus connues :</p>
<p>&#8211;       <strong>le Mont Rosset</strong> (1100m de dénivelée)</p>
<p>&#8211;       <strong>la pointe de Cerdosse</strong> (1200m de dénivelée)</p>
<p>&#8211;       <strong>le Col de Charbonnière</strong> et descente par la face Nord (1200m de dénivelée)</p>
<p>&#8211;       <strong>le Col de la Nova</strong> (1400m de Dénivelée)</p>
<p>&#8211;     <strong>  le Dôme de Vaugel</strong> et le<strong> Petit Chatelet</strong> (850 et 1100 m de dénivelé)</p>
<p><strong>Topos :</strong></p>
<p>-les plus belles courses du Beaufortain, par Christophe Hagenmuller, collection Naturalpes.</p>
<p>Attention, renseignez vous bien sur les conditions nivo-météo avant de partir, partez équipés de DVA, pelles et sondes, choisissez des courses conformes à votre niveau et à celui de votre groupe.</p>
<table style="border-collapse: collapse; width: 100%; height: 498px;">
<tbody>
<tr style="height: 206px;">
<td style="width: 20.2725%; height: 498px;"><a href="https://www.lacotedaime.com/Syndicat-Initiative/wp-content/uploads/2013/04/Ski-rando1.jpg"><img decoding="async" class="alignleft size-medium wp-image-885" src="https://www.lacotedaime.com/Syndicat-Initiative/wp-content/uploads/2013/04/Ski-rando1-199x300.jpg" alt="Ski-rando1" width="199" height="300" srcset="https://www.lacotedaime.com/Syndicat-Initiative/wp-content/uploads/2013/04/Ski-rando1-199x300.jpg 199w, https://www.lacotedaime.com/Syndicat-Initiative/wp-content/uploads/2013/04/Ski-rando1.jpg 399w" sizes="(max-width: 199px) 100vw, 199px" /></a></td>
<td style="width: 39.8138%; height: 498px;"><a href="https://www.lacotedaime.com/Syndicat-Initiative/wp-content/uploads/2019/11/Valezan-ski-rando.jpg"><img decoding="async" class="alignright  wp-image-4283" src="https://www.lacotedaime.com/Syndicat-Initiative/wp-content/uploads/2019/11/Valezan-ski-rando-300x199.jpg" alt="" width="393" height="261" srcset="https://www.lacotedaime.com/Syndicat-Initiative/wp-content/uploads/2019/11/Valezan-ski-rando-300x199.jpg 300w, https://www.lacotedaime.com/Syndicat-Initiative/wp-content/uploads/2019/11/Valezan-ski-rando-768x511.jpg 768w, https://www.lacotedaime.com/Syndicat-Initiative/wp-content/uploads/2019/11/Valezan-ski-rando-1024x681.jpg 1024w, https://www.lacotedaime.com/Syndicat-Initiative/wp-content/uploads/2019/11/Valezan-ski-rando-1200x798.jpg 1200w, https://www.lacotedaime.com/Syndicat-Initiative/wp-content/uploads/2019/11/Valezan-ski-rando.jpg 1223w" sizes="(max-width: 393px) 100vw, 393px" /></a></td>
<td style="width: 39.9136%; height: 498px;"><a href="https://www.lacotedaime.com/Syndicat-Initiative/wp-content/uploads/2013/04/ski-rando3.jpg"><img decoding="async" class="aligncenter  wp-image-886" src="https://www.lacotedaime.com/Syndicat-Initiative/wp-content/uploads/2013/04/ski-rando3-300x199.jpg" alt="ski-rando3" width="371" height="246" srcset="https://www.lacotedaime.com/Syndicat-Initiative/wp-content/uploads/2013/04/ski-rando3-300x199.jpg 300w, https://www.lacotedaime.com/Syndicat-Initiative/wp-content/uploads/2013/04/ski-rando3.jpg 800w" sizes="(max-width: 371px) 100vw, 371px" /></a><img decoding="async" class=" wp-image-887 aligncenter" src="https://www.lacotedaime.com/Syndicat-Initiative/wp-content/uploads/2013/04/ski-rando2-300x199.jpg" alt="ski-rando2" width="372" height="247" srcset="https://www.lacotedaime.com/Syndicat-Initiative/wp-content/uploads/2013/04/ski-rando2-300x199.jpg 300w, https://www.lacotedaime.com/Syndicat-Initiative/wp-content/uploads/2013/04/ski-rando2.jpg 800w" sizes="(max-width: 372px) 100vw, 372px" /></td>
</tr>
</tbody>
</table>
<p>&nbsp;</p>
<p>&nbsp;</p>
<p>&nbsp;</p>
<p style="text-align: center;"> </p>
<p>&nbsp;</p>

<p>Le parking des Pars au terminus de la route de la Montagne depuis les Bergeries est le point de départ d’un domaine unique de ski de randonnée dont la réputation&hellip; </p>
