{"id":816,"date":"2013-04-12T11:07:00","date_gmt":"2013-04-12T10:07:00","guid":{"rendered":"http:\/\/www.lacotedaime.com\/Syndicat-Initiative\/?page_id=816"},"modified":"2024-11-04T10:42:22","modified_gmt":"2024-11-04T09:42:22","slug":"raquettes-a-neige","status":"publish","type":"page","link":"https:\/\/www.lacotedaime.com\/Syndicat-Initiative\/loisirs-et-nature\/raquettes-a-neige\/","title":{"rendered":"Espace nordique de La C\u00f4te d&rsquo;Aime-Valezan"},"content":{"rendered":"<h1>Randonn\u00e9es \u00e0 pieds, raquettes, ski nordique<\/h1>\n<table style=\"border-collapse: collapse; width: 102.095%; height: 690px;\">\n<tbody>\n<tr style=\"height: 54px;\">\n<td style=\"width: 55.5595%; height: 54px;\">\n<p><strong><span style=\"color: #ff6600;\">AU D\u00c9PART DU CHALET DU BRESSON OU DE VALEZAN<\/span><\/strong><\/p>\n<div class=\"body-text\">2 d\u00e9parts :<\/div>\n<ul>\n<li>Parking des Pars au terminus de la route de la Montagne depuis les Bergeries<\/li>\n<li>Parking du haut de Valezan\u00a0<\/li>\n<\/ul>\n<div>\u00a0<\/div>\n<div class=\"body-text descriptif-court\">Laisser votre trace \u00e0 pied, en raquettes ou en ski de fond sur l&rsquo;espace nordique de la C\u00f4te d&rsquo;Aime Valezan ! Un endroit tranquille, hors de la folie de la vie moderne.<\/div>\n<div>\u00a0<\/div>\n<div class=\"body-text\">Profitez d&rsquo;itin\u00e9raires nordiques (dam\u00e9s et balis\u00e9s) , d&rsquo;itin\u00e9raires balis\u00e9s en raquettes depuis le parking des Pars de La C\u00f4te d&rsquo;Aime ou de Valezan.<\/p>\n<p>\nVous appr\u00e9cierez l&rsquo;environnement panoramique et ensoleill\u00e9 sur les sommets de la Vanoise, le calme, la faune, la for\u00eat &#8230;<\/div>\n<div>\u00a0<\/div>\n<div>Une liaison en raquettes est possible vers la zone nordique de Granier.<\/div>\n<div>\u00a0<\/div>\n<div>Pour vous restaurez ou un boire un verre,\u00a0 Le Chalet du Bresson vous accueille c\u00f4t\u00e9 La C\u00f4te d&rsquo;Aime, et l&rsquo;Auberge de Valezan c\u00f4t\u00e9 Valezan.<\/div>\n<div>\u00a0<\/div>\n<div>Pr\u00eat de raquettes et de ski de fond au Chalet du Bresson. infos au \u00a006.59.75.75.73 ou contact@chaletdubresson.com\u00a0<\/div>\n<div>\u00a0<\/div>\n<div>Vous \u00e9voluerez en toute libert\u00e9 et sous votre responsabilit\u00e9<\/div>\n<\/td>\n<td style=\"width: 44.4405%; height: 54px;\">\n<p><a href=\"https:\/\/www.lacotedaime.com\/Syndicat-Initiative\/wp-content\/uploads\/2024\/11\/19407518.jpg\"><img decoding=\"async\" class=\"alignright wp-image-5403 size-medium\" src=\"https:\/\/www.lacotedaime.com\/Syndicat-Initiative\/wp-content\/uploads\/2024\/11\/19407518-300x178.jpg\" alt=\"\" width=\"300\" height=\"178\" srcset=\"https:\/\/www.lacotedaime.com\/Syndicat-Initiative\/wp-content\/uploads\/2024\/11\/19407518-300x178.jpg 300w, https:\/\/www.lacotedaime.com\/Syndicat-Initiative\/wp-content\/uploads\/2024\/11\/19407518-768x454.jpg 768w, https:\/\/www.lacotedaime.com\/Syndicat-Initiative\/wp-content\/uploads\/2024\/11\/19407518.jpg 970w\" sizes=\"(max-width: 300px) 100vw, 300px\" \/><\/a><a href=\"https:\/\/www.lacotedaime.com\/Syndicat-Initiative\/wp-content\/uploads\/2024\/11\/9171558.jpg\"><img decoding=\"async\" class=\"alignright wp-image-5405 size-medium\" src=\"https:\/\/www.lacotedaime.com\/Syndicat-Initiative\/wp-content\/uploads\/2024\/11\/9171558-300x178.jpg\" alt=\"\" width=\"300\" height=\"178\" srcset=\"https:\/\/www.lacotedaime.com\/Syndicat-Initiative\/wp-content\/uploads\/2024\/11\/9171558-300x178.jpg 300w, https:\/\/www.lacotedaime.com\/Syndicat-Initiative\/wp-content\/uploads\/2024\/11\/9171558-768x454.jpg 768w, https:\/\/www.lacotedaime.com\/Syndicat-Initiative\/wp-content\/uploads\/2024\/11\/9171558.jpg 970w\" sizes=\"(max-width: 300px) 100vw, 300px\" \/><\/a><a href=\"https:\/\/www.lacotedaime.com\/Syndicat-Initiative\/wp-content\/uploads\/2024\/11\/19407519.jpg\"><img decoding=\"async\" class=\"alignright wp-image-5406 size-medium\" src=\"https:\/\/www.lacotedaime.com\/Syndicat-Initiative\/wp-content\/uploads\/2024\/11\/19407519-300x178.jpg\" alt=\"\" width=\"300\" height=\"178\" srcset=\"https:\/\/www.lacotedaime.com\/Syndicat-Initiative\/wp-content\/uploads\/2024\/11\/19407519-300x178.jpg 300w, https:\/\/www.lacotedaime.com\/Syndicat-Initiative\/wp-content\/uploads\/2024\/11\/19407519-768x454.jpg 768w, https:\/\/www.lacotedaime.com\/Syndicat-Initiative\/wp-content\/uploads\/2024\/11\/19407519.jpg 970w\" sizes=\"(max-width: 300px) 100vw, 300px\" \/><\/a><\/p>\n<\/td>\n<\/tr>\n<tr style=\"height: 86px;\">\n<td style=\"width: 55.5595%; height: 86px;\">\n<div>\n<figure id=\"attachment_5402\" aria-describedby=\"caption-attachment-5402\" style=\"width: 2480px\" class=\"wp-caption aligncenter\"><a href=\"https:\/\/www.lacotedaime.com\/Syndicat-Initiative\/wp-content\/uploads\/2024\/11\/Plan-Hiver-A3-VS-23.24-v22-1.jpg\"><img decoding=\"async\" class=\"wp-image-5402 size-full\" src=\"https:\/\/www.lacotedaime.com\/Syndicat-Initiative\/wp-content\/uploads\/2024\/11\/Plan-Hiver-A3-VS-23.24-v22-1.jpg\" alt=\"\" width=\"2480\" height=\"1754\" srcset=\"https:\/\/www.lacotedaime.com\/Syndicat-Initiative\/wp-content\/uploads\/2024\/11\/Plan-Hiver-A3-VS-23.24-v22-1.jpg 2480w, https:\/\/www.lacotedaime.com\/Syndicat-Initiative\/wp-content\/uploads\/2024\/11\/Plan-Hiver-A3-VS-23.24-v22-1-300x212.jpg 300w, https:\/\/www.lacotedaime.com\/Syndicat-Initiative\/wp-content\/uploads\/2024\/11\/Plan-Hiver-A3-VS-23.24-v22-1-1024x724.jpg 1024w, https:\/\/www.lacotedaime.com\/Syndicat-Initiative\/wp-content\/uploads\/2024\/11\/Plan-Hiver-A3-VS-23.24-v22-1-768x543.jpg 768w, https:\/\/www.lacotedaime.com\/Syndicat-Initiative\/wp-content\/uploads\/2024\/11\/Plan-Hiver-A3-VS-23.24-v22-1-1536x1086.jpg 1536w, https:\/\/www.lacotedaime.com\/Syndicat-Initiative\/wp-content\/uploads\/2024\/11\/Plan-Hiver-A3-VS-23.24-v22-1-2048x1448.jpg 2048w, https:\/\/www.lacotedaime.com\/Syndicat-Initiative\/wp-content\/uploads\/2024\/11\/Plan-Hiver-A3-VS-23.24-v22-1-1200x849.jpg 1200w\" sizes=\"(max-width: 2480px) 100vw, 2480px\" \/><\/a><figcaption id=\"caption-attachment-5402\" class=\"wp-caption-text\">Plan pi\u00e9ton : randonn\u00e9es \u00e0 pieds, raquettes, ski de fond, ski de randonn\u00e9e<\/figcaption><\/figure>\n<\/div>\n<p>&nbsp;<\/p>\n<\/td>\n<td style=\"width: 44.4405%; height: 86px;\">\u00a0<\/td>\n<\/tr>\n<\/tbody>\n<\/table>\n<h1>Ski de randonn\u00e9e<\/h1>\n<table style=\"border-collapse: collapse; width: 100.1%; height: 53px;\">\n<tbody>\n<tr>\n<td style=\"width: 56.2749%;\">\u00a0<\/td>\n<td style=\"width: 43.7251%;\">\u00a0<\/td>\n<\/tr>\n<tr>\n<td style=\"width: 56.2749%;\">\n<div class=\"body-text descriptif-court\">\n<p><strong><span style=\"color: #ff6600;\">AU D\u00c9PART DU CHALET DU BRESSON OU DE VALEZAN<\/span><\/strong><\/p>\n<div class=\"body-text\">2 d\u00e9parts :<\/div>\n<ul>\n<li>Parking des Pars au terminus de la route de la Montagne depuis les Bergeries<\/li>\n<li>Parking du haut de Valezan\u00a0<\/li>\n<\/ul>\n<p>\nA Valezan vous pouvez tester votre aptitude et votre gout pour ce ski nature et sportif.<\/div>\n<div class=\"body-text\">Suivez les jalons jaunes. A la descente, vous pourrez faire votre trace en neige fra\u00eeche dans de larges pr\u00e9s \u00e0 la pente id\u00e9ale. Si la neige n&rsquo;est pas skiable \u00e0 votre niveau, vous pouvez retrouver la piste dam\u00e9e qui vous ram\u00e8nera \u00e0 Valezan.<\/div>\n<div>\u00a0<\/div>\n<div>Au parking des Pars d\u00e9bute de nombreuses sorties de ski de randonn\u00e9e non balis\u00e9es et non s\u00e9curis\u00e9es.<\/div>\n<div>\u00a0<\/div>\n<div>Vous \u00e9voluerez en toute libert\u00e9 et sous votre responsabilit\u00e9<\/div>\n<p><\/p>\n<p>&nbsp;<\/p>\n<p>&nbsp;<\/p>\n<p>&nbsp;<\/p>\n<\/td>\n<td style=\"width: 43.7251%;\">\u00a0<\/td>\n<\/tr>\n<\/tbody>\n<\/table>\n<p>&nbsp;<\/p>\n<p>&nbsp;<\/p>\n<p>&nbsp;<\/p>\n<h1>Phototh\u00e8que<\/h1>\n<table style=\"border-collapse: collapse; width: 99.9002%; height: 684px;\">\n<tbody>\n<tr style=\"height: 37px;\">\n<td style=\"width: 36.2086%; height: 37px;\">\u00a0<\/td>\n<td style=\"width: 33.0489%; height: 37px;\">\u00a0<\/td>\n<td style=\"width: 30.7424%; height: 37px;\">\u00a0<\/td>\n<\/tr>\n<tr style=\"height: 197px;\">\n<td style=\"width: 36.2086%; height: 197px;\"><img decoding=\"async\" class=\"alignnone wp-image-722\" src=\"https:\/\/www.lacotedaime.com\/Syndicat-Initiative\/wp-content\/uploads\/2013\/03\/045.jpg\" alt=\"045\" width=\"344\" height=\"229\" srcset=\"https:\/\/www.lacotedaime.com\/Syndicat-Initiative\/wp-content\/uploads\/2013\/03\/045.jpg 350w, https:\/\/www.lacotedaime.com\/Syndicat-Initiative\/wp-content\/uploads\/2013\/03\/045-300x199.jpg 300w\" sizes=\"(max-width: 344px) 100vw, 344px\" \/><\/td>\n<td style=\"width: 33.0489%; height: 197px;\"><a href=\"https:\/\/www.lacotedaime.com\/Syndicat-Initiative\/wp-content\/uploads\/2013\/03\/051.jpg\"><img decoding=\"async\" class=\"wp-image-719 alignright\" src=\"https:\/\/www.lacotedaime.com\/Syndicat-Initiative\/wp-content\/uploads\/2013\/03\/051.jpg\" alt=\"051\" width=\"313\" height=\"235\" srcset=\"https:\/\/www.lacotedaime.com\/Syndicat-Initiative\/wp-content\/uploads\/2013\/03\/051.jpg 350w, https:\/\/www.lacotedaime.com\/Syndicat-Initiative\/wp-content\/uploads\/2013\/03\/051-300x225.jpg 300w\" sizes=\"(max-width: 313px) 100vw, 313px\" \/><\/a><\/td>\n<td style=\"width: 30.7424%; height: 197px;\"><a href=\"https:\/\/www.lacotedaime.com\/Syndicat-Initiative\/wp-content\/uploads\/2013\/03\/052.jpg\"><img decoding=\"async\" class=\"alignnone wp-image-720\" src=\"https:\/\/www.lacotedaime.com\/Syndicat-Initiative\/wp-content\/uploads\/2013\/03\/052.jpg\" alt=\"052\" width=\"305\" height=\"230\" srcset=\"https:\/\/www.lacotedaime.com\/Syndicat-Initiative\/wp-content\/uploads\/2013\/03\/052.jpg 350w, https:\/\/www.lacotedaime.com\/Syndicat-Initiative\/wp-content\/uploads\/2013\/03\/052-300x225.jpg 300w\" sizes=\"(max-width: 305px) 100vw, 305px\" \/><\/a><\/td>\n<\/tr>\n<tr style=\"height: 204px;\">\n<td style=\"width: 36.2086%; height: 204px;\"><a href=\"https:\/\/www.lacotedaime.com\/Syndicat-Initiative\/wp-content\/uploads\/2013\/03\/054.jpg\"><img decoding=\"async\" class=\"alignnone wp-image-717\" src=\"https:\/\/www.lacotedaime.com\/Syndicat-Initiative\/wp-content\/uploads\/2013\/03\/054.jpg\" alt=\"054\" width=\"341\" height=\"257\" \/><\/a><\/td>\n<td style=\"width: 33.0489%; height: 204px;\"><a href=\"https:\/\/www.lacotedaime.com\/Syndicat-Initiative\/wp-content\/uploads\/2013\/03\/046.jpg\"><img decoding=\"async\" class=\"alignnone size-full wp-image-718\" src=\"https:\/\/www.lacotedaime.com\/Syndicat-Initiative\/wp-content\/uploads\/2013\/03\/046.jpg\" alt=\"046\" width=\"233\" height=\"350\" srcset=\"https:\/\/www.lacotedaime.com\/Syndicat-Initiative\/wp-content\/uploads\/2013\/03\/046.jpg 233w, https:\/\/www.lacotedaime.com\/Syndicat-Initiative\/wp-content\/uploads\/2013\/03\/046-199x300.jpg 199w\" sizes=\"(max-width: 233px) 100vw, 233px\" \/><\/a><\/td>\n<td style=\"width: 30.7424%; height: 204px;\"><a href=\"https:\/\/www.lacotedaime.com\/Syndicat-Initiative\/wp-content\/uploads\/2013\/03\/055.jpg\"><img decoding=\"async\" class=\"alignnone  wp-image-716\" src=\"https:\/\/www.lacotedaime.com\/Syndicat-Initiative\/wp-content\/uploads\/2013\/03\/055.jpg\" alt=\"055\" width=\"299\" height=\"225\" srcset=\"https:\/\/www.lacotedaime.com\/Syndicat-Initiative\/wp-content\/uploads\/2013\/03\/055.jpg 350w, https:\/\/www.lacotedaime.com\/Syndicat-Initiative\/wp-content\/uploads\/2013\/03\/055-300x225.jpg 300w\" sizes=\"(max-width: 299px) 100vw, 299px\" \/><\/a><\/td>\n<\/tr>\n<tr style=\"height: 38px;\">\n<td style=\"width: 36.2086%; height: 246px;\">\u00a0<\/td>\n<td style=\"width: 33.0489%; height: 246px;\">\u00a0<\/td>\n<td style=\"width: 30.7424%; height: 246px;\">\u00a0<\/td>\n<\/tr>\n<\/tbody>\n<\/table>\n<p><a href=\"https:\/\/www.lacotedaime.com\/Syndicat-Initiative\/wp-content\/uploads\/2013\/03\/045.jpg\">\u00a0<\/a><\/p>\n<p>&nbsp;<\/p>\n<p>&nbsp;<\/p>\n<p>&nbsp;<\/p>\n<p>&nbsp;<\/p>\n<p>&nbsp;<\/p>\n<p>&nbsp;<\/p>\n<p>&nbsp;<\/p>\n","protected":false},"excerpt":{"rendered":"<p>Randonn\u00e9es \u00e0 pieds, raquettes, ski nordique AU D\u00c9PART DU CHALET DU BRESSON OU DE VALEZAN 2 d\u00e9parts : Parking des Pars au terminus de la route de la Montagne depuis&hellip; <\/p>\n","protected":false},"author":1,"featured_media":0,"parent":804,"menu_order":0,"comment_status":"closed","ping_status":"closed","template":"","meta":{"footnotes":"","_links_to":"","_links_to_target":""},"class_list":["post-816","page","type-page","status-publish","hentry"],"_links":{"self":[{"href":"https:\/\/www.lacotedaime.com\/Syndicat-Initiative\/wp-json\/wp\/v2\/pages\/816","targetHints":{"allow":["GET"]}}],"collection":[{"href":"https:\/\/www.lacotedaime.com\/Syndicat-Initiative\/wp-json\/wp\/v2\/pages"}],"about":[{"href":"https:\/\/www.lacotedaime.com\/Syndicat-Initiative\/wp-json\/wp\/v2\/types\/page"}],"author":[{"embeddable":true,"href":"https:\/\/www.lacotedaime.com\/Syndicat-Initiative\/wp-json\/wp\/v2\/users\/1"}],"replies":[{"embeddable":true,"href":"https:\/\/www.lacotedaime.com\/Syndicat-Initiative\/wp-json\/wp\/v2\/comments?post=816"}],"version-history":[{"count":22,"href":"https:\/\/www.lacotedaime.com\/Syndicat-Initiative\/wp-json\/wp\/v2\/pages\/816\/revisions"}],"predecessor-version":[{"id":879,"href":"https:\/\/www.lacotedaime.com\/Syndicat-Initiative\/wp-json\/wp\/v2\/pages\/816\/revisions\/879"}],"up":[{"embeddable":true,"href":"https:\/\/www.lacotedaime.com\/Syndicat-Initiative\/wp-json\/wp\/v2\/pages\/804"}],"wp:attachment":[{"href":"https:\/\/www.lacotedaime.com\/Syndicat-Initiative\/wp-json\/wp\/v2\/media?parent=816"}],"curies":[{"name":"wp","href":"https:\/\/api.w.org\/{rel}","templated":true}]}}