{"id":806,"date":"2013-04-12T11:05:00","date_gmt":"2013-04-12T10:05:00","guid":{"rendered":"http:\/\/www.lacotedaime.com\/Syndicat-Initiative\/?page_id=806"},"modified":"2024-09-12T16:48:38","modified_gmt":"2024-09-12T15:48:38","slug":"randonnee","status":"publish","type":"page","link":"https:\/\/www.lacotedaime.com\/Syndicat-Initiative\/loisirs-et-nature\/randonnee\/","title":{"rendered":"Randonn\u00e9e et Sentiers"},"content":{"rendered":"<p>Des rives de l\u2019Is\u00e8re au sommet du Mont Rosset ou du col du grand Fond, la commune de la C\u00f4te d\u2019Aime offre toute une diversit\u00e9 de paysages \u00e0 parcourir \u00e0 pied en toutes saisons :<\/p>\n<p>&#8211;\u00a0\u00a0\u00a0\u00a0\u00a0<strong>\u00a0 Entre 700 et 1200m d\u2019altitude\u00a0:<\/strong> Les sentiers de la pomme et des vignes, qui relient les hameaux, \u00e0 travers vignes anciennes et nouvelles, vergers, bois et prairies. Ils permettent \u00e9galement de traverser des hameaux et d\u2019appr\u00e9cier l\u2019architecture typique de l\u2019habitat des Versants de Tarentaise. Id\u00e9al pour des balades en famille au printemps et \u00e0 l\u2019automne.<\/p>\n<p><span style=\"text-decoration: underline;\"><strong><span style=\"color: #ff0000;\"><a style=\"color: #ff0000; text-decoration: underline;\" href=\"https:\/\/www.lacotedaime.com\/Syndicat-Initiative\/wp-content\/uploads\/2019\/11\/Sentier-Vignes-web.pdf\">T\u00e9l\u00e9charger la brochure Sentier des Vignes\u00a0<\/a><\/span><\/strong><\/span><\/p>\n<p><span style=\"text-decoration: underline;\"><span style=\"color: #ff0000; text-decoration: underline;\"><a style=\"color: #ff0000; text-decoration: underline;\" href=\"https:\/\/www.lacotedaime.com\/Syndicat-Initiative\/wp-content\/uploads\/2019\/11\/sentier-pomme-web.pdf\"><strong>T\u00e9l\u00e9charger la brochure Sentier de la pomme<\/strong> <\/a><\/span><\/span><\/p>\n<p>&#8211; <strong>Entre 1200 et 1600 m\u00a0<\/strong>: Nouveau en 2013\u00a0: les sentiers \u00ab\u00a0Adrets de Tarentaise\u00a0: Regards d\u2019Artistes\u00a0\u00bb, 3 itin\u00e9raires enti\u00e8rement balis\u00e9s traversent les prairies fleuries class\u00e9es \u00ab\u00a0Natura 2000\u00a0\u00bb au regard de la diversit\u00e9 de leur flore. Des \u00ab\u00a0pauses artistiques\u00a0\u00bb viennent jalonner ces itin\u00e9raires, permettant de s\u2019initier \u00e0 diverses techniques picturales, au dessin ou \u00e0 la photo. A parcourir absolument au mois de juin, quand la flore est \u00e0 son apog\u00e9e, mais aussi au c\u0153ur de l\u2019hiver.<\/p>\n<p><span style=\"text-decoration: underline;\"><span style=\"color: #ff0000; text-decoration: underline;\"><a style=\"color: #ff0000; text-decoration: underline;\" href=\"https:\/\/www.lacotedaime.com\/Syndicat-Initiative\/wp-content\/uploads\/2019\/11\/regards-dartistes-V9.pdf\"><strong>T\u00e9l\u00e9charger la brochure Adrets de Tarenataise: Regards d&rsquo;artistes<\/strong> <\/a><\/span><\/span><\/p>\n<p>&#8211;\u00a0\u00a0\u00a0\u00a0\u00a0\u00a0 Entre 1200 et 1600m\u00a0: le Sentier des 3V\u00a0: \u00e0 travers les for\u00eats et prairies du Versant du soleil, on peut relier 3 villages que sont Granier, la C\u00f4te d\u2019Aime et Valezan . Id\u00e9al en toutes saisons, mais aussi en plein \u00e9t\u00e9, si la m\u00e9t\u00e9o est capricieuse.<\/p>\n<p>&#8211;\u00a0\u00a0\u00a0\u00a0\u00a0\u00a0<strong> Plus haut\u00a0:<\/strong> Hameaux de remue avec leur chapelles d\u2019altitudes et chalet d\u2019alpages, alpages du Mont Rosset et des Plans dans lesquels paissent les troupeaux de vaches Tarine et o\u00f9 se fabrique le Beaufort d\u2019Alpage, lacs d\u2019Altitude de Presset ou de la Portette, refuges de montagne de la Balme ou de Presset , cols de Charbonni\u00e8re, du Grand fond, Bresson ou de la Nova , sommet du Mont Rosset ou de Rocheboc \u2026 sont autant de destinations de randonn\u00e9es , id\u00e9ales au c\u0153ur de la chaleur estivale mais aussi des couleurs et ombres de l\u2019automne . \u00e0 consommer sans mod\u00e9ration. Chemins entretenus et balis\u00e9s.<\/p>\n<table style=\"border-collapse: collapse; width: 100%;\">\n<tbody>\n<tr>\n<td style=\"width: 33.3333%;\"><a href=\"https:\/\/www.lacotedaime.com\/Syndicat-Initiative\/wp-content\/uploads\/2013\/04\/chalets-alpages.jpg\"><img decoding=\"async\" class=\"alignleft wp-image-865\" src=\"https:\/\/www.lacotedaime.com\/Syndicat-Initiative\/wp-content\/uploads\/2013\/04\/chalets-alpages.jpg\" alt=\"chalets-alpages\" width=\"289\" height=\"192\" srcset=\"https:\/\/www.lacotedaime.com\/Syndicat-Initiative\/wp-content\/uploads\/2013\/04\/chalets-alpages.jpg 800w, https:\/\/www.lacotedaime.com\/Syndicat-Initiative\/wp-content\/uploads\/2013\/04\/chalets-alpages-300x199.jpg 300w\" sizes=\"(max-width: 289px) 100vw, 289px\" \/><\/a><\/td>\n<td style=\"width: 28.0333%;\"><a href=\"https:\/\/www.lacotedaime.com\/Syndicat-Initiative\/wp-content\/uploads\/2013\/04\/lac-portette.jpg\"><img decoding=\"async\" class=\"alignright wp-image-866\" src=\"https:\/\/www.lacotedaime.com\/Syndicat-Initiative\/wp-content\/uploads\/2013\/04\/lac-portette.jpg\" alt=\"lac-portette\" width=\"258\" height=\"194\" srcset=\"https:\/\/www.lacotedaime.com\/Syndicat-Initiative\/wp-content\/uploads\/2013\/04\/lac-portette.jpg 800w, https:\/\/www.lacotedaime.com\/Syndicat-Initiative\/wp-content\/uploads\/2013\/04\/lac-portette-300x225.jpg 300w\" sizes=\"(max-width: 258px) 100vw, 258px\" \/><\/a><\/td>\n<td style=\"width: 38.6333%;\"><a href=\"https:\/\/www.lacotedaime.com\/Syndicat-Initiative\/wp-content\/uploads\/2013\/04\/enfants-moutons.jpg\"><img decoding=\"async\" class=\"wp-image-862 alignnone\" src=\"https:\/\/www.lacotedaime.com\/Syndicat-Initiative\/wp-content\/uploads\/2013\/04\/enfants-moutons.jpg\" alt=\"enfants-moutons\" width=\"400\" height=\"190\" srcset=\"https:\/\/www.lacotedaime.com\/Syndicat-Initiative\/wp-content\/uploads\/2013\/04\/enfants-moutons.jpg 800w, https:\/\/www.lacotedaime.com\/Syndicat-Initiative\/wp-content\/uploads\/2013\/04\/enfants-moutons-300x142.jpg 300w\" sizes=\"(max-width: 400px) 100vw, 400px\" \/><\/a><\/td>\n<\/tr>\n<\/tbody>\n<\/table>\n<p>Retrouvez de nombreuses fiches de randonn\u00e9e au syndicat d&rsquo;initiative de La C\u00f4te d&rsquo;Aime &#8211; Valezan<\/p>\n<p>&nbsp;<\/p>\n<p><span style=\"text-decoration: underline;\"><strong><span style=\"color: #ff6600; text-decoration: underline;\"><a href=\"https:\/\/www.lacotedaime.com\/Syndicat-Initiative\/wp-content\/uploads\/2019\/11\/couverture-livre-rando.jpg\"><img decoding=\"async\" class=\"size-medium wp-image-4280 alignright\" src=\"https:\/\/www.lacotedaime.com\/Syndicat-Initiative\/wp-content\/uploads\/2019\/11\/couverture-livre-rando-213x300.jpg\" alt=\"\" width=\"213\" height=\"300\" srcset=\"https:\/\/www.lacotedaime.com\/Syndicat-Initiative\/wp-content\/uploads\/2019\/11\/couverture-livre-rando-213x300.jpg 213w, https:\/\/www.lacotedaime.com\/Syndicat-Initiative\/wp-content\/uploads\/2019\/11\/couverture-livre-rando.jpg 429w\" sizes=\"(max-width: 213px) 100vw, 213px\" \/><\/a>Livre \u00ab\u00a0Randonner aujourd&rsquo;hui dans les alpages d&rsquo;hier\u00a0\u00bb<\/span><\/strong><\/span><\/p>\n<p>Par Bruno Barral et Jean Januel<\/p>\n<p>Un livre pr\u00e9sentant diff\u00e9rents itin\u00e9raires de randonn\u00e9es c\u00f4t\u00e9 Versant du soleil<\/p>\n<p>Anecdotes, un peu d&rsquo;histoire&#8230;<\/p>\n<p>En vente au bureau du syndicat d&rsquo;initiative : 5 euros<\/p>\n<p>&nbsp;<\/p>\n<p>&nbsp;<\/p>\n","protected":false},"excerpt":{"rendered":"<p>Des rives de l\u2019Is\u00e8re au sommet du Mont Rosset ou du col du grand Fond, la commune de la C\u00f4te d\u2019Aime offre toute une diversit\u00e9 de paysages \u00e0 parcourir \u00e0&hellip; <\/p>\n","protected":false},"author":1,"featured_media":0,"parent":804,"menu_order":0,"comment_status":"closed","ping_status":"closed","template":"","meta":{"footnotes":"","_links_to":"","_links_to_target":""},"class_list":["post-806","page","type-page","status-publish","hentry"],"_links":{"self":[{"href":"https:\/\/www.lacotedaime.com\/Syndicat-Initiative\/wp-json\/wp\/v2\/pages\/806","targetHints":{"allow":["GET"]}}],"collection":[{"href":"https:\/\/www.lacotedaime.com\/Syndicat-Initiative\/wp-json\/wp\/v2\/pages"}],"about":[{"href":"https:\/\/www.lacotedaime.com\/Syndicat-Initiative\/wp-json\/wp\/v2\/types\/page"}],"author":[{"embeddable":true,"href":"https:\/\/www.lacotedaime.com\/Syndicat-Initiative\/wp-json\/wp\/v2\/users\/1"}],"replies":[{"embeddable":true,"href":"https:\/\/www.lacotedaime.com\/Syndicat-Initiative\/wp-json\/wp\/v2\/comments?post=806"}],"version-history":[{"count":23,"href":"https:\/\/www.lacotedaime.com\/Syndicat-Initiative\/wp-json\/wp\/v2\/pages\/806\/revisions"}],"predecessor-version":[{"id":5368,"href":"https:\/\/www.lacotedaime.com\/Syndicat-Initiative\/wp-json\/wp\/v2\/pages\/806\/revisions\/5368"}],"up":[{"embeddable":true,"href":"https:\/\/www.lacotedaime.com\/Syndicat-Initiative\/wp-json\/wp\/v2\/pages\/804"}],"wp:attachment":[{"href":"https:\/\/www.lacotedaime.com\/Syndicat-Initiative\/wp-json\/wp\/v2\/media?parent=806"}],"curies":[{"name":"wp","href":"https:\/\/api.w.org\/{rel}","templated":true}]}}

Randonnée et Sentiers

<p>Des rives de l’Isère au sommet du Mont Rosset ou du col du grand Fond, la commune de la Côte d’Aime offre toute une diversité de paysages à parcourir à pied en toutes saisons :</p>
<p>&#8211;     <strong>  Entre 700 et 1200m d’altitude :</strong> Les sentiers de la pomme et des vignes, qui relient les hameaux, à travers vignes anciennes et nouvelles, vergers, bois et prairies. Ils permettent également de traverser des hameaux et d’apprécier l’architecture typique de l’habitat des Versants de Tarentaise. Idéal pour des balades en famille au printemps et à l’automne.</p>
<p><span style="text-decoration: underline;"><strong><span style="color: #ff0000;"><a style="color: #ff0000; text-decoration: underline;" href="https://www.lacotedaime.com/Syndicat-Initiative/wp-content/uploads/2019/11/Sentier-Vignes-web.pdf">Télécharger la brochure Sentier des Vignes </a></span></strong></span></p>
<p><span style="text-decoration: underline;"><span style="color: #ff0000; text-decoration: underline;"><a style="color: #ff0000; text-decoration: underline;" href="https://www.lacotedaime.com/Syndicat-Initiative/wp-content/uploads/2019/11/sentier-pomme-web.pdf"><strong>Télécharger la brochure Sentier de la pomme</strong> </a></span></span></p>
<p>&#8211; <strong>Entre 1200 et 1600 m </strong>: Nouveau en 2013 : les sentiers « Adrets de Tarentaise : Regards d’Artistes », 3 itinéraires entièrement balisés traversent les prairies fleuries classées « Natura 2000 » au regard de la diversité de leur flore. Des « pauses artistiques » viennent jalonner ces itinéraires, permettant de s’initier à diverses techniques picturales, au dessin ou à la photo. A parcourir absolument au mois de juin, quand la flore est à son apogée, mais aussi au cœur de l’hiver.</p>
<p><span style="text-decoration: underline;"><span style="color: #ff0000; text-decoration: underline;"><a style="color: #ff0000; text-decoration: underline;" href="https://www.lacotedaime.com/Syndicat-Initiative/wp-content/uploads/2019/11/regards-dartistes-V9.pdf"><strong>Télécharger la brochure Adrets de Tarenataise: Regards d&rsquo;artistes</strong> </a></span></span></p>
<p>&#8211;       Entre 1200 et 1600m : le Sentier des 3V : à travers les forêts et prairies du Versant du soleil, on peut relier 3 villages que sont Granier, la Côte d’Aime et Valezan . Idéal en toutes saisons, mais aussi en plein été, si la météo est capricieuse.</p>
<p>&#8211;      <strong> Plus haut :</strong> Hameaux de remue avec leur chapelles d’altitudes et chalet d’alpages, alpages du Mont Rosset et des Plans dans lesquels paissent les troupeaux de vaches Tarine et où se fabrique le Beaufort d’Alpage, lacs d’Altitude de Presset ou de la Portette, refuges de montagne de la Balme ou de Presset , cols de Charbonnière, du Grand fond, Bresson ou de la Nova , sommet du Mont Rosset ou de Rocheboc … sont autant de destinations de randonnées , idéales au cœur de la chaleur estivale mais aussi des couleurs et ombres de l’automne . à consommer sans modération. Chemins entretenus et balisés.</p>
<table style="border-collapse: collapse; width: 100%;">
<tbody>
<tr>
<td style="width: 33.3333%;"><a href="https://www.lacotedaime.com/Syndicat-Initiative/wp-content/uploads/2013/04/chalets-alpages.jpg"><img decoding="async" class="alignleft wp-image-865" src="https://www.lacotedaime.com/Syndicat-Initiative/wp-content/uploads/2013/04/chalets-alpages.jpg" alt="chalets-alpages" width="289" height="192" srcset="https://www.lacotedaime.com/Syndicat-Initiative/wp-content/uploads/2013/04/chalets-alpages.jpg 800w, https://www.lacotedaime.com/Syndicat-Initiative/wp-content/uploads/2013/04/chalets-alpages-300x199.jpg 300w" sizes="(max-width: 289px) 100vw, 289px" /></a></td>
<td style="width: 28.0333%;"><a href="https://www.lacotedaime.com/Syndicat-Initiative/wp-content/uploads/2013/04/lac-portette.jpg"><img decoding="async" class="alignright wp-image-866" src="https://www.lacotedaime.com/Syndicat-Initiative/wp-content/uploads/2013/04/lac-portette.jpg" alt="lac-portette" width="258" height="194" srcset="https://www.lacotedaime.com/Syndicat-Initiative/wp-content/uploads/2013/04/lac-portette.jpg 800w, https://www.lacotedaime.com/Syndicat-Initiative/wp-content/uploads/2013/04/lac-portette-300x225.jpg 300w" sizes="(max-width: 258px) 100vw, 258px" /></a></td>
<td style="width: 38.6333%;"><a href="https://www.lacotedaime.com/Syndicat-Initiative/wp-content/uploads/2013/04/enfants-moutons.jpg"><img decoding="async" class="wp-image-862 alignnone" src="https://www.lacotedaime.com/Syndicat-Initiative/wp-content/uploads/2013/04/enfants-moutons.jpg" alt="enfants-moutons" width="400" height="190" srcset="https://www.lacotedaime.com/Syndicat-Initiative/wp-content/uploads/2013/04/enfants-moutons.jpg 800w, https://www.lacotedaime.com/Syndicat-Initiative/wp-content/uploads/2013/04/enfants-moutons-300x142.jpg 300w" sizes="(max-width: 400px) 100vw, 400px" /></a></td>
</tr>
</tbody>
</table>
<p>Retrouvez de nombreuses fiches de randonnée au syndicat d&rsquo;initiative de La Côte d&rsquo;Aime &#8211; Valezan</p>
<p>&nbsp;</p>
<p><span style="text-decoration: underline;"><strong><span style="color: #ff6600; text-decoration: underline;"><a href="https://www.lacotedaime.com/Syndicat-Initiative/wp-content/uploads/2019/11/couverture-livre-rando.jpg"><img decoding="async" class="size-medium wp-image-4280 alignright" src="https://www.lacotedaime.com/Syndicat-Initiative/wp-content/uploads/2019/11/couverture-livre-rando-213x300.jpg" alt="" width="213" height="300" srcset="https://www.lacotedaime.com/Syndicat-Initiative/wp-content/uploads/2019/11/couverture-livre-rando-213x300.jpg 213w, https://www.lacotedaime.com/Syndicat-Initiative/wp-content/uploads/2019/11/couverture-livre-rando.jpg 429w" sizes="(max-width: 213px) 100vw, 213px" /></a>Livre « Randonner aujourd&rsquo;hui dans les alpages d&rsquo;hier »</span></strong></span></p>
<p>Par Bruno Barral et Jean Januel</p>
<p>Un livre présentant différents itinéraires de randonnées côté Versant du soleil</p>
<p>Anecdotes, un peu d&rsquo;histoire&#8230;</p>
<p>En vente au bureau du syndicat d&rsquo;initiative : 5 euros</p>
<p>&nbsp;</p>
<p>&nbsp;</p>

<p>Des rives de l’Isère au sommet du Mont Rosset ou du col du grand Fond, la commune de la Côte d’Aime offre toute une diversité de paysages à parcourir à&hellip; </p>
