{"id":26,"date":"2013-03-20T14:36:06","date_gmt":"2013-03-20T13:36:06","guid":{"rendered":"http:\/\/www.lacotedaime.com\/Syndicat-Initiative\/?page_id=26"},"modified":"2025-07-07T14:45:19","modified_gmt":"2025-07-07T13:45:19","slug":"vignes-en-tarentaise","status":"publish","type":"page","link":"https:\/\/www.lacotedaime.com\/Syndicat-Initiative\/et-aussi\/vignes-en-tarentaise\/","title":{"rendered":"Vignes de Tarentaise"},"content":{"rendered":"<p><a href=\"https:\/\/www.lacotedaime.com\/Syndicat-Initiative\/wp-content\/uploads\/2018\/12\/vigne.jpg\"><img decoding=\"async\" class=\"size-full wp-image-3458 alignright\" src=\"https:\/\/www.lacotedaime.com\/Syndicat-Initiative\/wp-content\/uploads\/2018\/12\/vigne.jpg\" alt=\"\" width=\"259\" height=\"194\" \/><\/a><\/p>\n<p><strong>L\u2019ASSOCIATION VIGNES DE TARENTAISE<\/strong><\/p>\n<p>&nbsp;<\/p>\n<p>L\u2019association \u00ab\u00a0Vignes de Tarentaise\u00a0\u00bb a \u00e9t\u00e9 cr\u00e9\u00e9e en d\u00e9cembre 2008 avec le concours de l\u2019Assembl\u00e9e des Pays de Tarentaise Vanoise et de la Communaut\u00e9 de Communes des Versants d\u2019Aime.<\/p>\n<p>&nbsp;<\/p>\n<p><strong>Son objectif\u00a0: sauvegarder et r\u00e9habiliter le vignoble de la vall\u00e9e.<\/strong><\/p>\n<p><strong>\u00a0<\/strong><\/p>\n<p>Quelle est la politique d\u2019action de l\u2019association ?<\/p>\n<p><strong>&#8211; sensibiliser <\/strong>les populations locales \u00e0 leur patrimoine en proposant, des sorties dans d&rsquo;autres vignobles de montagnes, un programme d&rsquo;initiation \u00e0 la d\u00e9gustation du vin ou en participant aux manifestations locales et en faisant d\u00e9couvrir notre cuverie collective, le pressoir ;<\/p>\n<p><strong>&#8211; encourager<\/strong> les autochtones \u00e0 reprendre une petite parcelle et <strong>soutenir<\/strong> ces nouveaux vignerons par une s\u00e9rie de formations aux travaux d&rsquo;entretien de la vigne (taille, \u00e9pamprage, traitements), des commandes collectives de plants et de produits phytosanitaires, la mise \u00e0 disposition d&rsquo;un treuil de labour.<\/p>\n<p>&nbsp;<\/p>\n<p>Aujourd&rsquo;hui, de nombreuses vignes ne sont plus exploit\u00e9es et attendent ceux qui veulent se lancer dans l&rsquo;aventure et produire leur propre vin.<\/p>\n<p>&nbsp;<\/p>\n<p><strong>UN PEU D&rsquo;HISTOIRE<\/strong><\/p>\n<p><strong>\u00a0<\/strong><\/p>\n<p>La vigne \u00e9tait d\u00e9j\u00e0 pr\u00e9sente dans les Alpes \u00e0 l&rsquo;\u00e9poque des Romains.\u00a0 Au fil du temps, l&rsquo;essor du vignoble de Tarentaise, encourag\u00e9 par l&rsquo;Eglise et le commerce, s&rsquo;est encore accentu\u00e9. Au 19e\u00a0si\u00e8cle, la vigne couvrait, entre Albertville et Bourg-Saint-Maurice, 2000 hectares de coteaux, soit l&rsquo;\u00e9quivalent du vignoble actuel de Savoie\u00a0; aujourd&rsquo;hui, \u00e0 peine quelques dizaines d\u2019hectares sont encore entretenus.<\/p>\n<p>&nbsp;<\/p>\n<p><strong>\u2026 AUJOURD&rsquo;HUI UN VIN DES COTEAUX DE TARENTAISE<\/strong><\/p>\n<p>&nbsp;<\/p>\n<p>Pour les campagnes annuelles de vendanges, pr\u00e8s de 6 tonnes de raisin sont apport\u00e9es au Pressoir. Elles ont produit plus de 3000 litres de vin rouge, 500 litres de blanc et environ 1000 litres de jus de raisin.<\/p>\n<p><span style=\"font-family: verdana, arial, helvetica, sans-serif; font-size: small; color: #800080;\">\u00a0<\/span><\/p>\n<p align=\"justify\">Contact : 07 81 65 84 79<\/p>\n<p align=\"justify\"><a title=\"vigne de tarentaise\" href=\"http:\/\/www.vignesdetarentaise.fr\/index.php?lng=fr\" target=\"_blank\" rel=\"noopener noreferrer\">En savoir plus&#8230;<\/a><\/p>\n","protected":false},"excerpt":{"rendered":"<p>L\u2019ASSOCIATION VIGNES DE TARENTAISE &nbsp; L\u2019association \u00ab\u00a0Vignes de Tarentaise\u00a0\u00bb a \u00e9t\u00e9 cr\u00e9\u00e9e en d\u00e9cembre 2008 avec le concours de l\u2019Assembl\u00e9e des Pays de Tarentaise Vanoise et de la Communaut\u00e9 de&hellip; <\/p>\n","protected":false},"author":1,"featured_media":0,"parent":22,"menu_order":0,"comment_status":"closed","ping_status":"closed","template":"","meta":{"footnotes":"","_links_to":"","_links_to_target":""},"class_list":["post-26","page","type-page","status-publish","hentry"],"_links":{"self":[{"href":"https:\/\/www.lacotedaime.com\/Syndicat-Initiative\/wp-json\/wp\/v2\/pages\/26","targetHints":{"allow":["GET"]}}],"collection":[{"href":"https:\/\/www.lacotedaime.com\/Syndicat-Initiative\/wp-json\/wp\/v2\/pages"}],"about":[{"href":"https:\/\/www.lacotedaime.com\/Syndicat-Initiative\/wp-json\/wp\/v2\/types\/page"}],"author":[{"embeddable":true,"href":"https:\/\/www.lacotedaime.com\/Syndicat-Initiative\/wp-json\/wp\/v2\/users\/1"}],"replies":[{"embeddable":true,"href":"https:\/\/www.lacotedaime.com\/Syndicat-Initiative\/wp-json\/wp\/v2\/comments?post=26"}],"version-history":[{"count":9,"href":"https:\/\/www.lacotedaime.com\/Syndicat-Initiative\/wp-json\/wp\/v2\/pages\/26\/revisions"}],"predecessor-version":[{"id":5547,"href":"https:\/\/www.lacotedaime.com\/Syndicat-Initiative\/wp-json\/wp\/v2\/pages\/26\/revisions\/5547"}],"up":[{"embeddable":true,"href":"https:\/\/www.lacotedaime.com\/Syndicat-Initiative\/wp-json\/wp\/v2\/pages\/22"}],"wp:attachment":[{"href":"https:\/\/www.lacotedaime.com\/Syndicat-Initiative\/wp-json\/wp\/v2\/media?parent=26"}],"curies":[{"name":"wp","href":"https:\/\/api.w.org\/{rel}","templated":true}]}}

<p><a href="https://www.lacotedaime.com/Syndicat-Initiative/wp-content/uploads/2018/12/vigne.jpg"><img decoding="async" class="size-full wp-image-3458 alignright" src="https://www.lacotedaime.com/Syndicat-Initiative/wp-content/uploads/2018/12/vigne.jpg" alt="" width="259" height="194" /></a></p>
<p><strong>L’ASSOCIATION VIGNES DE TARENTAISE</strong></p>
<p>&nbsp;</p>
<p>L’association « Vignes de Tarentaise » a été créée en décembre 2008 avec le concours de l’Assemblée des Pays de Tarentaise Vanoise et de la Communauté de Communes des Versants d’Aime.</p>
<p>&nbsp;</p>
<p><strong>Son objectif : sauvegarder et réhabiliter le vignoble de la vallée.</strong></p>
<p><strong> </strong></p>
<p>Quelle est la politique d’action de l’association ?</p>
<p><strong>&#8211; sensibiliser </strong>les populations locales à leur patrimoine en proposant, des sorties dans d&rsquo;autres vignobles de montagnes, un programme d&rsquo;initiation à la dégustation du vin ou en participant aux manifestations locales et en faisant découvrir notre cuverie collective, le pressoir ;</p>
<p><strong>&#8211; encourager</strong> les autochtones à reprendre une petite parcelle et <strong>soutenir</strong> ces nouveaux vignerons par une série de formations aux travaux d&rsquo;entretien de la vigne (taille, épamprage, traitements), des commandes collectives de plants et de produits phytosanitaires, la mise à disposition d&rsquo;un treuil de labour.</p>
<p>&nbsp;</p>
<p>Aujourd&rsquo;hui, de nombreuses vignes ne sont plus exploitées et attendent ceux qui veulent se lancer dans l&rsquo;aventure et produire leur propre vin.</p>
<p>&nbsp;</p>
<p><strong>UN PEU D&rsquo;HISTOIRE</strong></p>
<p><strong> </strong></p>
<p>La vigne était déjà présente dans les Alpes à l&rsquo;époque des Romains.  Au fil du temps, l&rsquo;essor du vignoble de Tarentaise, encouragé par l&rsquo;Eglise et le commerce, s&rsquo;est encore accentué. Au 19e siècle, la vigne couvrait, entre Albertville et Bourg-Saint-Maurice, 2000 hectares de coteaux, soit l&rsquo;équivalent du vignoble actuel de Savoie ; aujourd&rsquo;hui, à peine quelques dizaines d’hectares sont encore entretenus.</p>
<p>&nbsp;</p>
<p><strong>… AUJOURD&rsquo;HUI UN VIN DES COTEAUX DE TARENTAISE</strong></p>
<p>&nbsp;</p>
<p>Pour les campagnes annuelles de vendanges, près de 6 tonnes de raisin sont apportées au Pressoir. Elles ont produit plus de 3000 litres de vin rouge, 500 litres de blanc et environ 1000 litres de jus de raisin.</p>
<p><span style="font-family: verdana, arial, helvetica, sans-serif; font-size: small; color: #800080;"> </span></p>
<p align="justify">Contact : 07 81 65 84 79</p>
<p align="justify"><a title="vigne de tarentaise" href="http://www.vignesdetarentaise.fr/index.php?lng=fr" target="_blank" rel="noopener noreferrer">En savoir plus&#8230;</a></p>

<p>L’ASSOCIATION VIGNES DE TARENTAISE &nbsp; L’association « Vignes de Tarentaise » a été créée en décembre 2008 avec le concours de l’Assemblée des Pays de Tarentaise Vanoise et de la Communauté de&hellip; </p>
