{"id":139,"date":"2013-03-20T15:54:11","date_gmt":"2013-03-20T14:54:11","guid":{"rendered":"http:\/\/www.lacotedaime.com\/Syndicat-Initiative\/?page_id=139"},"modified":"2024-09-03T16:01:38","modified_gmt":"2024-09-03T15:01:38","slug":"gilles-girard","status":"publish","type":"page","link":"https:\/\/www.lacotedaime.com\/Syndicat-Initiative\/vie-artistique\/gilles-girard\/","title":{"rendered":"Gilles Girard _ Auteur"},"content":{"rendered":"<p><a href=\"https:\/\/www.lacotedaime.com\/Syndicat-Initiative\/wp-content\/uploads\/2024\/07\/20240725_152400-scaled.jpg\"><img decoding=\"async\" class=\"size-medium wp-image-5199 alignnone\" src=\"https:\/\/www.lacotedaime.com\/Syndicat-Initiative\/wp-content\/uploads\/2024\/07\/20240725_152400-169x300.jpg\" alt=\"\" width=\"169\" height=\"300\" srcset=\"https:\/\/www.lacotedaime.com\/Syndicat-Initiative\/wp-content\/uploads\/2024\/07\/20240725_152400-169x300.jpg 169w, https:\/\/www.lacotedaime.com\/Syndicat-Initiative\/wp-content\/uploads\/2024\/07\/20240725_152400-576x1024.jpg 576w, https:\/\/www.lacotedaime.com\/Syndicat-Initiative\/wp-content\/uploads\/2024\/07\/20240725_152400-768x1365.jpg 768w, https:\/\/www.lacotedaime.com\/Syndicat-Initiative\/wp-content\/uploads\/2024\/07\/20240725_152400-864x1536.jpg 864w, https:\/\/www.lacotedaime.com\/Syndicat-Initiative\/wp-content\/uploads\/2024\/07\/20240725_152400-1152x2048.jpg 1152w, https:\/\/www.lacotedaime.com\/Syndicat-Initiative\/wp-content\/uploads\/2024\/07\/20240725_152400-1200x2133.jpg 1200w, https:\/\/www.lacotedaime.com\/Syndicat-Initiative\/wp-content\/uploads\/2024\/07\/20240725_152400-scaled.jpg 1441w\" sizes=\"(max-width: 169px) 100vw, 169px\" \/><\/a><span style=\"font-size: small;\">Le patois<\/span><\/p>\n<p><span style=\"font-size: small;\">Gilles Girard\u00a0\u00a0\u00a0Dipl\u00f4m\u00e9 du Centre de la Culture Savoyarde<\/span><\/p>\n<p><span style=\"font-size: small;\">Au fur et \u00e0 mesure que me venait l\u2019inspiration, j\u2019ai mis par \u00e9crit beaucoup de souvenirs dans l\u2019objectif de rappeler le bon temps pass\u00e9 par nos anc\u00eatres. Toutes ces histoires sont transcrites en patois de la C\u00f4te d\u2019Aime. Ce mode parler dispara\u00eet de jours en jours, il appartient \u00e0 notre patrimoine mais n\u2019est pas arrim\u00e9 comme un roc solide. Il faut donc \u00e9viter de le laisser s\u2019\u00e9chapper des nos m\u00e9moires.<\/span><\/p>\n<p><span style=\"font-size: small;\">Le patois est avant tout une langue de paysans. Les mots utilis\u00e9s sont des mots concrets, concernant les choses de la terre. Il est le langage des humbles. Ce n\u2019est pas du fran\u00e7ais d\u00e9form\u00e9, la source principale en est le latin. Ce n\u2019est pas une langue, ni un dialecte.<\/span><\/p>\n<p><span style=\"font-size: small;\">Le patois ne s\u2019\u00e9crit pas. Les transcriptions que l\u2019on a voulu en faire sont sujettes \u00e0 caution. Elles ne sont souvent comprises avec peine que par les habitants d\u2019une zone g\u00e9ographique restreinte. En r\u00e9alit\u00e9, il est de tradition uniquement orale et on s\u2019est mis \u00e0 l\u2019\u00e9crire \u00e0 partir du moment o\u00f9 l\u2019usage de ce mode de transmission se perdait .<\/span><\/p>\n<p><span style=\"font-size: small;\">Pour que les patois savoyards gardent une certaine vitalit\u00e9 , il est n\u00e9cessaire d\u2019adopter une graphie simple qui ne rebute personne.<\/span><\/p>\n<p><span style=\"font-size: small;\">Le patois de La C\u00f4te d\u2019Aime pr\u00e9sente des sonorit\u00e9s qui n\u2019ont pas de correspondance avec celles du fran\u00e7ais. Il faut donc se contenter de le transcrire approximativement, mais le plus fid\u00e8lement possible.<\/span><\/p>\n<p>Po\u00e8me : Le temps<\/p>\n<div>\n<pre><span style=\"font-size: medium;\">Le temps prend son temps<\/span>\r\n<span style=\"font-size: medium;\">car lui a le temps\r\n<\/span><span style=\"font-size: medium;\">Pourtant l'homme le bouscule <\/span>\r\n<span style=\"font-size: medium;\">croyant gagner du temps<\/span>\r\n<span style=\"font-size: medium;\">Le temps d'une chanson<\/span>\r\n<span style=\"font-size: medium;\">ou m\u00eame d'une pause<\/span>\r\n<span style=\"font-size: medium;\">a toujours pour leur charme\r\n<\/span><span style=\"font-size: medium;\">Dur\u00e9 un certain temps<\/span>\r\n<span style=\"font-size: medium;\">Le temps n'a pas de prix<\/span>\r\n<span style=\"font-size: medium;\">malgr\u00e9 ce que l'on dit<\/span>\r\n<span style=\"font-size: medium;\">pourtant c'est de l'argent<\/span>\r\n<span style=\"font-size: medium;\">nous disent certains gens<\/span>\r\n<span style=\"font-size: medium;\">Prenons un peu de temps<\/span>\r\n<span style=\"font-size: medium;\">dans la vie d'ici -bas<\/span>\r\n<span style=\"font-size: medium;\">pour se distraire un peu <\/span>\r\n<span style=\"font-size: medium;\">et prendre du bon temps<\/span>\r\n<span style=\"font-size: medium;\">Il y a un temps pour tout<\/span>\r\n<span style=\"font-size: medium;\">un temps pour s'amuser<\/span>\r\n<span style=\"font-size: medium;\">un autre pour travailler<\/span>\r\n<span style=\"font-size: medium;\">et vivre d\u00e9cemment<\/span><\/pre>\n<pre><span style=\"font-family: Verdana, Arial, Helvetica, sans-serif; font-size: medium;\">Gilles Girard\r\n\r\n<span style=\"font-size: small;\">Contact : 04 79 55 50 06 <\/span>\r\n<a title=\"blog gilles\" href=\"http:\/\/coterainsdavant.free.fr\/\" target=\"_blank\" rel=\"noopener noreferrer\">En savoir plus...<\/a><\/span><\/pre>\n<\/div>\n","protected":false},"excerpt":{"rendered":"<p>Le patois Gilles Girard\u00a0\u00a0\u00a0Dipl\u00f4m\u00e9 du Centre de la Culture Savoyarde Au fur et \u00e0 mesure que me venait l\u2019inspiration, j\u2019ai mis par \u00e9crit beaucoup de souvenirs dans l\u2019objectif de rappeler&hellip; <\/p>\n","protected":false},"author":1,"featured_media":0,"parent":114,"menu_order":0,"comment_status":"closed","ping_status":"closed","template":"","meta":{"footnotes":"","_links_to":"","_links_to_target":""},"class_list":["post-139","page","type-page","status-publish","hentry"],"_links":{"self":[{"href":"https:\/\/www.lacotedaime.com\/Syndicat-Initiative\/wp-json\/wp\/v2\/pages\/139","targetHints":{"allow":["GET"]}}],"collection":[{"href":"https:\/\/www.lacotedaime.com\/Syndicat-Initiative\/wp-json\/wp\/v2\/pages"}],"about":[{"href":"https:\/\/www.lacotedaime.com\/Syndicat-Initiative\/wp-json\/wp\/v2\/types\/page"}],"author":[{"embeddable":true,"href":"https:\/\/www.lacotedaime.com\/Syndicat-Initiative\/wp-json\/wp\/v2\/users\/1"}],"replies":[{"embeddable":true,"href":"https:\/\/www.lacotedaime.com\/Syndicat-Initiative\/wp-json\/wp\/v2\/comments?post=139"}],"version-history":[{"count":11,"href":"https:\/\/www.lacotedaime.com\/Syndicat-Initiative\/wp-json\/wp\/v2\/pages\/139\/revisions"}],"predecessor-version":[{"id":5286,"href":"https:\/\/www.lacotedaime.com\/Syndicat-Initiative\/wp-json\/wp\/v2\/pages\/139\/revisions\/5286"}],"up":[{"embeddable":true,"href":"https:\/\/www.lacotedaime.com\/Syndicat-Initiative\/wp-json\/wp\/v2\/pages\/114"}],"wp:attachment":[{"href":"https:\/\/www.lacotedaime.com\/Syndicat-Initiative\/wp-json\/wp\/v2\/media?parent=139"}],"curies":[{"name":"wp","href":"https:\/\/api.w.org\/{rel}","templated":true}]}}

<p><a href="https://www.lacotedaime.com/Syndicat-Initiative/wp-content/uploads/2024/07/20240725_152400-scaled.jpg"><img decoding="async" class="size-medium wp-image-5199 alignnone" src="https://www.lacotedaime.com/Syndicat-Initiative/wp-content/uploads/2024/07/20240725_152400-169x300.jpg" alt="" width="169" height="300" srcset="https://www.lacotedaime.com/Syndicat-Initiative/wp-content/uploads/2024/07/20240725_152400-169x300.jpg 169w, https://www.lacotedaime.com/Syndicat-Initiative/wp-content/uploads/2024/07/20240725_152400-576x1024.jpg 576w, https://www.lacotedaime.com/Syndicat-Initiative/wp-content/uploads/2024/07/20240725_152400-768x1365.jpg 768w, https://www.lacotedaime.com/Syndicat-Initiative/wp-content/uploads/2024/07/20240725_152400-864x1536.jpg 864w, https://www.lacotedaime.com/Syndicat-Initiative/wp-content/uploads/2024/07/20240725_152400-1152x2048.jpg 1152w, https://www.lacotedaime.com/Syndicat-Initiative/wp-content/uploads/2024/07/20240725_152400-1200x2133.jpg 1200w, https://www.lacotedaime.com/Syndicat-Initiative/wp-content/uploads/2024/07/20240725_152400-scaled.jpg 1441w" sizes="(max-width: 169px) 100vw, 169px" /></a><span style="font-size: small;">Le patois</span></p>
<p><span style="font-size: small;">Gilles Girard   Diplômé du Centre de la Culture Savoyarde</span></p>
<p><span style="font-size: small;">Au fur et à mesure que me venait l’inspiration, j’ai mis par écrit beaucoup de souvenirs dans l’objectif de rappeler le bon temps passé par nos ancêtres. Toutes ces histoires sont transcrites en patois de la Côte d’Aime. Ce mode parler disparaît de jours en jours, il appartient à notre patrimoine mais n’est pas arrimé comme un roc solide. Il faut donc éviter de le laisser s’échapper des nos mémoires.</span></p>
<p><span style="font-size: small;">Le patois est avant tout une langue de paysans. Les mots utilisés sont des mots concrets, concernant les choses de la terre. Il est le langage des humbles. Ce n’est pas du français déformé, la source principale en est le latin. Ce n’est pas une langue, ni un dialecte.</span></p>
<p><span style="font-size: small;">Le patois ne s’écrit pas. Les transcriptions que l’on a voulu en faire sont sujettes à caution. Elles ne sont souvent comprises avec peine que par les habitants d’une zone géographique restreinte. En réalité, il est de tradition uniquement orale et on s’est mis à l’écrire à partir du moment où l’usage de ce mode de transmission se perdait .</span></p>
<p><span style="font-size: small;">Pour que les patois savoyards gardent une certaine vitalité , il est nécessaire d’adopter une graphie simple qui ne rebute personne.</span></p>
<p><span style="font-size: small;">Le patois de La Côte d’Aime présente des sonorités qui n’ont pas de correspondance avec celles du français. Il faut donc se contenter de le transcrire approximativement, mais le plus fidèlement possible.</span></p>
<p>Poème : Le temps</p>
<div>
<pre><span style="font-size: medium;">Le temps prend son temps</span>
<span style="font-size: medium;">car lui a le temps
</span><span style="font-size: medium;">Pourtant l'homme le bouscule </span>
<span style="font-size: medium;">croyant gagner du temps</span>
<span style="font-size: medium;">Le temps d'une chanson</span>
<span style="font-size: medium;">ou même d'une pause</span>
<span style="font-size: medium;">a toujours pour leur charme
</span><span style="font-size: medium;">Duré un certain temps</span>
<span style="font-size: medium;">Le temps n'a pas de prix</span>
<span style="font-size: medium;">malgré ce que l'on dit</span>
<span style="font-size: medium;">pourtant c'est de l'argent</span>
<span style="font-size: medium;">nous disent certains gens</span>
<span style="font-size: medium;">Prenons un peu de temps</span>
<span style="font-size: medium;">dans la vie d'ici -bas</span>
<span style="font-size: medium;">pour se distraire un peu </span>
<span style="font-size: medium;">et prendre du bon temps</span>
<span style="font-size: medium;">Il y a un temps pour tout</span>
<span style="font-size: medium;">un temps pour s'amuser</span>
<span style="font-size: medium;">un autre pour travailler</span>
<span style="font-size: medium;">et vivre décemment</span></pre>
<pre><span style="font-family: Verdana, Arial, Helvetica, sans-serif; font-size: medium;">Gilles Girard

<span style="font-size: small;">Contact : 04 79 55 50 06 </span>
<a title="blog gilles" href="http://coterainsdavant.free.fr/" target="_blank" rel="noopener noreferrer">En savoir plus...</a></span></pre>
</div>

<p>Le patois Gilles Girard   Diplômé du Centre de la Culture Savoyarde Au fur et à mesure que me venait l’inspiration, j’ai mis par écrit beaucoup de souvenirs dans l’objectif de rappeler&hellip; </p>
